 - d. Let w be u(2). Is w/(-21) + (-107)/(-7) a prime number?
False
Let i = 1 - 5. Let l(k) = 5*k**2 - 4*k - 35. Let c(n) = -n**2 + n + 1. Let u(x) = i*c(x) - l(x). Is u(0) composite?
False
Let x = -57 - -82. Let r be x + ((-3)/3 - 1). Suppose r = -l + 2*l. Is l composite?
False
Let d(q) be the third derivative of 0*q + 32/15*q**5 + 3*q**2 - 1/6*q**3 + 0*q**4 + 0. Is d(1) prime?
True
Let y = 10 - 6. Suppose 0 = 5*h + v - 87, 61 = y*h - 4*v - 23. Suppose h = 2*c - 92. Is c a prime number?
False
Suppose -2 = 3*k - 32. Suppose -2*w + k = -4*h, 4*h - 39 = -4*w - w. Is w a composite number?
False
Let d(n) = 146*n + 2. Let w be d(1). Suppose -w = -5*s + 1557. Is s prime?
False
Let u(j) = j**3 + 4*j**2 - 5*j + 4. Let z be u(7). Suppose g - 41 = 4*o - 295, 0 = 2*g - 4*o + z. Is g*(0 + (-3)/6) composite?
False
Suppose -10262 = -5*j + 3*v, -j + 10269 = 4*j + 4*v. Is j a composite number?
False
Let p = 1204 - 719. Is p composite?
True
Suppose 2*y + 17 = -3*b - 12, -2*y = 2. Is b/(-6)*(-1 - -5) composite?
True
Let m(h) = h**3 - 3*h**2 + 7*h - 4. Let t be m(5). Let k = 3 - 5. Is k + t - (-3 - -3) a prime number?
True
Suppose 0 = i - 16 - 13. Is i/(-2 - (-44)/20) composite?
True
Let c(i) = i**2 - i - 1. Let h be c(6). Let q = h + 76. Let m = -72 + q. Is m composite?
True
Let j(v) = -3*v**2 - 2*v + 2. Let p be j(-4). Let k = 85 + p. Is k a prime number?
True
Suppose 2*u + 2*q - 232 = 0, -4*u - 2*q = -3*q - 454. Let f = u - 63. Is f prime?
False
Let m(g) = g**3 - 2*g**2 + 3*g - 8. Let j be m(6). Let i be (-2)/7 - (-16)/7. Suppose -i*l - c + 5*c = -j, -2*c + 6 = 0. Is l composite?
False
Suppose -4*l = -5627 + 1643. Suppose -3*z + r + 984 = 0, -4*r - r = -3*z + l. Is z a composite number?
True
Is (-11)/22 - (-1014)/4 composite?
True
Is 477/4 + 12/(-48) prime?
False
Let z be (12/18)/(2/6). Suppose -6*y - 5*j + 243 = -2*y, z*y = 5*j + 129. Is y composite?
True
Let j be ((-63)/(-36))/((-2)/8). Is (j + -291)/(-2 + 0) composite?
False
Let h(c) = -c**3 - 5*c**2 - 7*c - 4. Let u be h(-4). Let i(r) = r**2 - 7*r - 6. Let g be i(u). Suppose -3*z + 54 = -3*a, -g*a - 42 = -4*z - 4*a. Is z composite?
False
Suppose 5 = 5*g, -n = -3*n + 2*g + 8. Let d(h) = h**2 + 1. Let m(l) = -l**3 - 5*l**2 + l + 48. Let c(a) = n*d(a) + m(a). Is c(0) composite?
False
Let r(s) be the first derivative of 5*s**3/3 + 7*s**2/2 + s - 3. Suppose -5*c - 39 = -14. Is r(c) a composite number?
True
Let w = 2561 + -1816. Is w a composite number?
True
Let o(q) = -12*q + 4. Let z be o(4). Let t be (-4348)/z + 4/22. Let h = 166 - t. Is h a composite number?
False
Let i be ((-6)/9)/(2/(-12)). Suppose -4*y = g - 32, i*y - 12 = 3*g + g. Let h = y - -46. Is h a prime number?
True
Let i = 23 + -18. Let p(k) = 2*k**2 + 2*k + 2. Let x be p(5). Suppose 3*s - 53 = -5*l, i*l - x + 17 = 5*s. Is l a composite number?
True
Let g(k) = 215*k + 2. Let p(a) = -429*a - 3. Let s(b) = -5*g(b) - 3*p(b). Is s(1) a composite number?
False
Suppose -3*k + 2*k = -62. Suppose 5*a - k = 4*a. Is a a prime number?
False
Is (157 + 4)/1 - 2 a prime number?
False
Suppose -d + 4*d = -186. Let a = d + 253. Is a a prime number?
True
Suppose 3*t - 1198 = -2*t - 3*k, 952 = 4*t - 4*k. Is t composite?
False
Suppose 5*z - 4197 = -j - 1044, -6 = 3*j. Is z composite?
False
Let w(r) = -r**3 + 12*r**2 - 11*r + 3. Let f be w(11). Suppose 6*m = f*m + 3. Let d = m + 36. Is d prime?
True
Let t(c) = c**2 + 6*c + 5. Suppose 8 = -w - g - 1, 2*g = w + 12. Let z = w + 16. Is t(z) a composite number?
True
Let l(n) = -3*n**3 - 10*n**2 - n + 10. Is l(-8) composite?
True
Let p be 127 - 0/(2 + -4). Suppose -s - f + 33 = 0, -f + 6*f - p = -4*s. Suppose -3*m = -4*m + 5*z + s, -55 = -2*m + 3*z. Is m prime?
True
Let p(n) = -n**3 - n - 2. Let q be p(2). Is 1*4/(q/(-111)) a prime number?
True
Let t(f) = f**2 + f - 1. Let l be t(-3). Let w(z) = 4*z**2 + 4*z - 1. Is w(l) a composite number?
True
Is (-5)/(20/(-608)) + 3 composite?
True
Let t = -78 - -38. Let h = -17 - t. Is h prime?
True
Suppose -3*v + 641 = -547. Suppose -v - 1690 = -2*g. Suppose 0 = -4*m + 5*u + g, -4*u - 1040 = -4*m - 0*m. Is m a composite number?
False
Suppose 0*m - 10 = 5*m. Let s = m - -1. Is s/(-1) - (1 - 14) prime?
False
Let m be (-3)/(-2)*50/15. Suppose -2*z - 280 = 3*h - 2725, -m*h + 3*z + 4094 = 0. Is h a composite number?
True
Let d be ((-8)/6)/((-6)/(-90)). Let n be 1 - (-1)/(2/d). Let c(k) = k**3 + 9*k**2 - 9*k - 4. Is c(n) a prime number?
False
Is (15897/(-9))/7*-3 prime?
True
Suppose 0 = 4*b - 3*b - 164. Suppose u + f = b, -f = -3*u + f + 502. Is u composite?
True
Let d = 4 + 0. Suppose 2 = -d*l - 5*f, 0 = -3*l - 2*l + f + 12. Suppose -60 - 50 = -l*y. Is y prime?
False
Suppose 0 = 4*k - 593 - 559. Is k/13 + 4/(-26) prime?
False
Let c = 0 + 7. Let r = c + -7. Suppose s = k - 208, 2*s - 6 = -r*s. Is k composite?
False
Suppose -2109 = 3*s - 567. Is 10/4*s/(-5) prime?
True
Let w = -218 + 435. Is w composite?
True
Let m(x) = 2*x**3 - 4*x**2 + 2*x + 4. Let t be m(4). Let w = -53 + t. Is w prime?
True
Let n(d) be the third derivative of -17*d**4/24 - d**3 + 2*d**2. Is n(-5) prime?
True
Let u = -10 + 6. Let s(r) = -4*r - 1. Let d be s(u). Suppose 4*y - 70 = -2*c, -5*c - d = -0. Is y prime?
True
Let j be 4/(-18) - 65/(-9). Let a = j - 6. Is (-60)/8*(-1 - a) prime?
False
Let m(v) = v**2 - 22. Let q = 1 - 16. Is m(q) a prime number?
False
Let k(b) = -48*b**3 + 6*b**2 - 7*b - 4. Is k(-3) composite?
False
Let f(k) = -30*k**2 + 4. Let q be f(-2). Let g = q - -493. Is g prime?
False
Suppose 4*c = 8*t - 3*t - 25, -5*t + 25 = -2*c. Let a be (-2 + 1)*(c - 143). Suppose 2*k + a = 3*k. Is k a prime number?
False
Suppose -1511 = -j - 2*j - 4*w, 0 = 4*w + 16. Is j composite?
False
Let v(u) = 4 - 4*u + 3*u + u + u. Let g be v(0). Suppose 0 = q - 19 - g. Is q prime?
True
Let y(t) = -15*t + 2. Let i be y(-3). Let o = i + -12. Is o prime?
False
Let w(q) = q**2 + 7*q - 6. Let l be w(-8). Suppose l*k = k. Suppose -p - p + 106 = k. Is p prime?
True
Let x(g) = -2*g - 5. Let h be x(-4). Let b = -32 - -32. Suppose -12 = h*s - 8*s - w, w + 3 = b. Is s a composite number?
False
Let l be (6/4)/(2/12). Suppose -4*f - 5*b - 17 = 1, -2 = -2*f + 3*b. Is ((-6)/l)/(f/159) a composite number?
False
Let p be 24 - (3 - (4 - -1)). Let x = 53 + p. Is x a prime number?
True
Suppose 0 = 4*j + 25 - 101. Is j a prime number?
True
Let w(x) = -x**3 - 21*x**2 - 17*x - 50. Is w(-21) composite?
False
Suppose -8 - 12 = 4*p. Let x(n) = -9*n - 2. Is x(p) a composite number?
False
Let y(g) = g**3 - 5*g**2 - 5*g - 1. Suppose 0*x - 12 = -2*x. Let s be y(x). Suppose 417 + 68 = s*f. Is f a composite number?
False
Suppose 3*l - 2*l = -15. Let i = -9 - l. Is i a prime number?
False
Let l(g) = 40*g**2 - 9*g - 14. Is l(-5) composite?
False
Suppose 2*p - 80 = 32. Let a = 10 - p. Is a*1*6/(-12) prime?
True
Suppose z = 5*r - 493, -105 = -4*r - 5*z + 272. Let u = r - 11. Is u a composite number?
True
Let s = 781 + 212. Is s a composite number?
True
Let f(v) = -6*v + v**2 + 4 + 2 - 5. Let l be f(6). Is (-4 - 51)/(l*-1) a prime number?
False
Let z(v) be the third derivative of -v**5/60 + v**4/12 + v**3/6 + v**2. Let d be z(3). Let f(a) = -15*a**3 - a**2 + 2*a + 1. Is f(d) composite?
False
Let n = 34 + -10. Suppose -i + 2*i = n. Suppose 0 = -2*h + i + 22. Is h composite?
False
Suppose 5*b + 170 = 5*h, -2*h = 2*h - b - 133. Suppose 0 = -d - 2*d + h. Suppose j = d + 8. Is j composite?
False
Suppose 158 = 2*y - 0*y. Is y prime?
True
Let q = -16 - -22. Let j be 24/(-10) - q/(-15). Is 1 + j - 20/(-2) prime?
False
Suppose 2*g + g = 3*c - 1722, -g + 2888 = 5*c. Is c prime?
True
Suppose -3*p = -5*i + 1111, -2*i = -7*i - 4*p + 1097. Let a = -132 + i. Is a prime?
True
Suppose -7 = -5*x + 3*w, 4*w + 2 = 4*x - 2. Is ((-310)/25)/(x/(-10)) a composite number?
True
Suppose a - 6*a = -1615. Is a a prime number?
False
Suppose 0 = 8*t - 7*t + 11. Is (-814)/(-8)*(-44)/t composite?
True
Let c(r) = -r**2 + 453. Let m be c(0). Let t = m + -200. Is t composite?
True
Let w(l) be the third derivative of -l**4/24 + l**3/2 - 4*l**2. Is w(-4) prime?
True
Let v(z) = 15*z**3 + 3*z**2 - 5. Is v(4) prime?
False
Is ((-231)/44)/((-3)/28) a prime number?
False
Let l be 1/(3/(-6)) + 22. Suppose -l = -z + 4*f, 3*z - 20 = 4*f - 2*f. Is (-4)/(-3)*114/z composite?
True
Suppose t - 7 - 3 = 2*z, 6 =